{"id":2,"date":"2015-08-05T02:21:40","date_gmt":"2015-08-05T02:21:40","guid":{"rendered":"http:\/\/transparencia.inespre.gov.do\/?page_id=2"},"modified":"2025-10-11T21:30:56","modified_gmt":"2025-10-12T01:30:56","slug":"inicio","status":"publish","type":"page","link":"https:\/\/www.inespre.gob.do\/transparencia\/","title":{"rendered":"Inicio"},"content":{"rendered":"<div id=\"pl-2\"  class=\"panel-layout\" ><div id=\"pg-2-0\"  class=\"panel-grid panel-no-style\" ><div id=\"pgc-2-0-0\"  class=\"panel-grid-cell\" ><div id=\"panel-2-0-0-0\" class=\"so-panel widget widget_black-studio-tinymce widget_black_studio_tinymce panel-first-child\" data-index=\"0\" ><div class=\"panel-widget-style panel-widget-style-for-2-0-0-0\" ><div class=\"textwidget\"><div class=\"imagen-full\">\n  <img decoding=\"async\" src=\"https:\/\/www.inespre.gob.do\/transparencia\/wp-content\/uploads\/2025\/09\/portal.jpg\" alt=\"Imagen responsive\">\n<\/div>\n\n<style>\n.imagen-full img {\n  width: 100%;        \/* Ocupa todo el ancho disponible *\/\n  height: auto;       \/* Mantiene proporci\u00f3n *\/\n  display: block;     \/* Elimina espacios extra *\/\n  object-fit: cover;  \/* Ajusta la imagen sin deformarla *\/\n}\n<\/style>\n<\/div><\/div><\/div><div id=\"panel-2-0-0-1\" class=\"so-panel widget widget_black-studio-tinymce widget_black_studio_tinymce\" data-index=\"1\" ><div class=\"textwidget\"><h3>Bienvenidos al Portal de Transparencia del Instituto de Estabilizaci\u00f3n de Precios, (INESPRE).<\/h3><h4>Oficina de Libre Acceso a la Informaci\u00f3n P\u00fablica (OAI)<\/h4><p style=\"font-size: 16px; line-height: 24px; text-align: justify;\">La Oficina de Acceso a la Informaci\u00f3n (OAI), es una disposici\u00f3n de la Ley General de Libre Acceso a la Informaci\u00f3n P\u00fablica No. 200-04 y el Decreto No. 130-05 que crea el reglamento de aplicaci\u00f3n de dicha ley.<\/p><p style=\"font-size: 16px; line-height: 24px; text-align: justify;\">Art\u00edculo 5.-\u00a0\"Se dispone la informatizaci\u00f3n y la incorporaci\u00f3n al sistema de comunicaci\u00f3n por Internet, o a cualquier otro sistema similar que en el futuro se establezca, de todos los organismos p\u00fablicos centralizados y descentralizados del Estado, incluyendo el Distrito Nacional y los Municipios, con la finalidad de garantizar a trav\u00e9s de \u00e9ste un acceso directo del p\u00fablico a la informaci\u00f3n del Estado.<\/p><\/div><\/div><div id=\"panel-2-0-0-2\" class=\"so-panel widget widget_black-studio-tinymce widget_black_studio_tinymce panel-last-child\" data-index=\"2\" ><div class=\"textwidget\"><a href=\"https:\/\/www.transparenciafiscal.gob.do\/\" target=\"_blank\" rel=\"noopener\"><img loading=\"lazy\" decoding=\"async\" class=\"size-full wp-image-9247 aligncenter\" src=\"https:\/\/www.inespre.gov.do\/transparencia\/wp-content\/uploads\/2019\/03\/banner_transparenciafiscal_mh-1.png\" alt=\"\" width=\"996\" height=\"95\" srcset=\"https:\/\/www.inespre.gob.do\/transparencia\/wp-content\/uploads\/2019\/03\/banner_transparenciafiscal_mh-1.png 996w, https:\/\/www.inespre.gob.do\/transparencia\/wp-content\/uploads\/2019\/03\/banner_transparenciafiscal_mh-1-300x29.png 300w, https:\/\/www.inespre.gob.do\/transparencia\/wp-content\/uploads\/2019\/03\/banner_transparenciafiscal_mh-1-768x73.png 768w\" sizes=\"auto, (max-width: 996px) 100vw, 996px\" \/><\/a><\/div><\/div><\/div><\/div><\/div>","protected":false},"excerpt":{"rendered":"<p>Bienvenidos al Portal de Transparencia del Instituto de Estabilizaci\u00f3n de Precios, (INESPRE).Oficina de Libre Acceso a la Informaci\u00f3n P\u00fablica (OAI)La Oficina de Acceso a la Informaci\u00f3n (OAI), es una disposici\u00f3n de la Ley General de Libre Acceso a la Informaci\u00f3n P\u00fablica No. 200-04 y el Decreto No. 130-05 que crea el reglamento de aplicaci\u00f3n de [&hellip;]<\/p>\n","protected":false},"author":1,"featured_media":0,"parent":0,"menu_order":0,"comment_status":"open","ping_status":"open","template":"","meta":{"footnotes":""},"categories":[],"tags":[],"class_list":["post-2","page","type-page","status-publish","hentry"],"_links":{"self":[{"href":"https:\/\/www.inespre.gob.do\/transparencia\/wp-json\/wp\/v2\/pages\/2","targetHints":{"allow":["GET"]}}],"collection":[{"href":"https:\/\/www.inespre.gob.do\/transparencia\/wp-json\/wp\/v2\/pages"}],"about":[{"href":"https:\/\/www.inespre.gob.do\/transparencia\/wp-json\/wp\/v2\/types\/page"}],"author":[{"embeddable":true,"href":"https:\/\/www.inespre.gob.do\/transparencia\/wp-json\/wp\/v2\/users\/1"}],"replies":[{"embeddable":true,"href":"https:\/\/www.inespre.gob.do\/transparencia\/wp-json\/wp\/v2\/comments?post=2"}],"version-history":[{"count":42,"href":"https:\/\/www.inespre.gob.do\/transparencia\/wp-json\/wp\/v2\/pages\/2\/revisions"}],"predecessor-version":[{"id":28515,"href":"https:\/\/www.inespre.gob.do\/transparencia\/wp-json\/wp\/v2\/pages\/2\/revisions\/28515"}],"wp:attachment":[{"href":"https:\/\/www.inespre.gob.do\/transparencia\/wp-json\/wp\/v2\/media?parent=2"}],"wp:term":[{"taxonomy":"category","embeddable":true,"href":"https:\/\/www.inespre.gob.do\/transparencia\/wp-json\/wp\/v2\/categories?post=2"},{"taxonomy":"post_tag","embeddable":true,"href":"https:\/\/www.inespre.gob.do\/transparencia\/wp-json\/wp\/v2\/tags?post=2"}],"curies":[{"name":"wp","href":"https:\/\/api.w.org\/{rel}","templated":true}]}}