{"id":32,"date":"2015-08-05T22:31:41","date_gmt":"2015-08-06T02:31:41","guid":{"rendered":"http:\/\/transparencia.inespre.gov.do\/?page_id=32"},"modified":"2025-11-05T10:24:13","modified_gmt":"2025-11-05T14:24:13","slug":"plan-estrategico","status":"publish","type":"page","link":"https:\/\/www.inespre.gob.do\/transparencia\/plan-estrategico\/","title":{"rendered":"Plan Estrat\u00e9gico Institucional (PEI)"},"content":{"rendered":"<div id=\"pl-32\"  class=\"panel-layout\" ><div id=\"pg-32-0\"  class=\"panel-grid panel-no-style\" ><div id=\"pgc-32-0-0\"  class=\"panel-grid-cell\" ><div id=\"panel-32-0-0-0\" class=\"widget_text so-panel widget widget_custom_html panel-first-child\" data-index=\"0\" ><h3 class=\"widget-title\">Plan Estrat\u00e9gico Institucional<\/h3><div class=\"textwidget custom-html-widget\"><style>\n.wrapper-folders {\n  display: grid;\n  grid-template-columns: repeat(auto-fit, minmax(220px, 1fr));\n  gap: 16px;\n  margin-top: 10px;\n}\n\n.folder-card {\n  display: flex;\n  align-items: center;\n  gap: 12px;\n  padding: 14px 16px;\n  border: 1px solid #ddd;\n  border-radius: 8px;\n  background: #fff;\n  text-decoration: none;\n  color: #008000;\n  font-weight: 600;\n  transition: box-shadow 0.2s ease, transform 0.2s ease;\n  min-height: 70px;\n}\n\n.folder-card:hover {\n  box-shadow: 0 2px 6px rgba(0,0,0,0.1);\n  transform: translateY(-2px);\n}\n\n.folder-card img {\n  width: 40px;\n  height: auto;\n}\n\n.folder-card span {\n  flex: 1;\n  line-height: 1.3;\n}\n<\/style>\n\n<div class=\"wrapper-folders\">\n  <a class=\"folder-card\" href=\"https:\/\/www.inespre.gob.do\/transparencia\/plan-estrategico\/planificacion-estrategica\/\">\n    <img decoding=\"async\" src=\"https:\/\/www.inespre.gob.do\/transparencia\/wp-content\/uploads\/2022\/04\/folder43x56.png\" alt=\"Carpeta Planificaci\u00f3n Estrat\u00e9gica\">\n    <span>Planificaci\u00f3n Estrat\u00e9gica<\/span>\n  <\/a>\n\n  <a class=\"folder-card\" href=\"https:\/\/www.inespre.gob.do\/transparencia\/plan-estrategico\/plan-operativo-anual-poa\/\">\n    <img decoding=\"async\" src=\"https:\/\/www.inespre.gob.do\/transparencia\/wp-content\/uploads\/2022\/04\/folder43x56.png\" alt=\"Carpeta POA\">\n    <span>Plan Operativo Anual (POA)<\/span>\n  <\/a>\n\n  <a class=\"folder-card\" href=\"https:\/\/www.inespre.gob.do\/transparencia\/plan-estrategico\/memorias-institucionales\/\">\n    <img decoding=\"async\" src=\"https:\/\/www.inespre.gob.do\/transparencia\/wp-content\/uploads\/2022\/04\/folder43x56.png\" alt=\"Carpeta Memorias Institucionales\">\n    <span>Memorias Institucionales<\/span>\n  <\/a>\n<\/div>\n<\/div><\/div><div id=\"panel-32-0-0-1\" class=\"so-panel widget widget_black-studio-tinymce widget_black_studio_tinymce\" data-index=\"1\" ><div class=\"textwidget\"><\/div><\/div><div id=\"panel-32-0-0-2\" class=\"so-panel widget widget_black-studio-tinymce widget_black_studio_tinymce panel-last-child\" data-index=\"2\" ><div class=\"textwidget\"><p><img loading=\"lazy\" decoding=\"async\" class=\"size-full wp-image-9276 aligncenter\" src=\"https:\/\/www.inespre.gob.do\/transparencia\/wp-content\/uploads\/2019\/03\/adobe-ready.png\" alt=\"\" width=\"1700\" height=\"170\" srcset=\"https:\/\/www.inespre.gob.do\/transparencia\/wp-content\/uploads\/2019\/03\/adobe-ready.png 1700w, https:\/\/www.inespre.gob.do\/transparencia\/wp-content\/uploads\/2019\/03\/adobe-ready-300x30.png 300w, https:\/\/www.inespre.gob.do\/transparencia\/wp-content\/uploads\/2019\/03\/adobe-ready-768x77.png 768w, https:\/\/www.inespre.gob.do\/transparencia\/wp-content\/uploads\/2019\/03\/adobe-ready-1024x102.png 1024w\" sizes=\"auto, (max-width: 1700px) 100vw, 1700px\" \/><\/p>\n<\/div><\/div><\/div><\/div><\/div>","protected":false},"excerpt":{"rendered":"<p>Plan Estrat\u00e9gico Institucional Planificaci\u00f3n Estrat\u00e9gica Plan Operativo Anual (POA) Memorias Institucionales<\/p>\n","protected":false},"author":1,"featured_media":0,"parent":0,"menu_order":0,"comment_status":"open","ping_status":"open","template":"","meta":{"footnotes":""},"categories":[],"tags":[],"class_list":["post-32","page","type-page","status-publish","hentry"],"_links":{"self":[{"href":"https:\/\/www.inespre.gob.do\/transparencia\/wp-json\/wp\/v2\/pages\/32","targetHints":{"allow":["GET"]}}],"collection":[{"href":"https:\/\/www.inespre.gob.do\/transparencia\/wp-json\/wp\/v2\/pages"}],"about":[{"href":"https:\/\/www.inespre.gob.do\/transparencia\/wp-json\/wp\/v2\/types\/page"}],"author":[{"embeddable":true,"href":"https:\/\/www.inespre.gob.do\/transparencia\/wp-json\/wp\/v2\/users\/1"}],"replies":[{"embeddable":true,"href":"https:\/\/www.inespre.gob.do\/transparencia\/wp-json\/wp\/v2\/comments?post=32"}],"version-history":[{"count":113,"href":"https:\/\/www.inespre.gob.do\/transparencia\/wp-json\/wp\/v2\/pages\/32\/revisions"}],"predecessor-version":[{"id":28661,"href":"https:\/\/www.inespre.gob.do\/transparencia\/wp-json\/wp\/v2\/pages\/32\/revisions\/28661"}],"wp:attachment":[{"href":"https:\/\/www.inespre.gob.do\/transparencia\/wp-json\/wp\/v2\/media?parent=32"}],"wp:term":[{"taxonomy":"category","embeddable":true,"href":"https:\/\/www.inespre.gob.do\/transparencia\/wp-json\/wp\/v2\/categories?post=32"},{"taxonomy":"post_tag","embeddable":true,"href":"https:\/\/www.inespre.gob.do\/transparencia\/wp-json\/wp\/v2\/tags?post=32"}],"curies":[{"name":"wp","href":"https:\/\/api.w.org\/{rel}","templated":true}]}}